e prime factors of 5259?
3, 1753
List the prime factors of 9746.
2, 11, 443
List the prime factors of 171118.
2, 67, 1277
List the prime factors of 7078.
2, 3539
List the prime factors of 6877.
13, 23
What are the prime factors of 80492?
2, 20123
What are the prime factors of 1387?
19, 73
What are the prime factors of 9281?
9281
List the prime factors of 3526.
2, 41, 43
List the prime factors of 1363.
29, 47
List the prime factors of 594.
2, 3, 11
List the prime factors of 3277.
29, 113
What are the prime factors of 35873?
29, 1237
List the prime factors of 7145.
5, 1429
List the prime factors of 2503.
2503
List the prime factors of 61944.
2, 3, 29, 89
What are the prime factors of 14365?
5, 13, 17
What are the prime factors of 1386?
2, 3, 7, 11
What are the prime factors of 11094?
2, 3, 43
List the prime factors of 74271.
3, 19, 1303
What are the prime factors of 19126?
2, 73, 131
List the prime factors of 666.
2, 3, 37
List the prime factors of 20353.
20353
What are the prime factors of 15935?
5, 3187
What are the prime factors of 91377?
3, 11, 13, 71
What are the prime factors of 6661?
6661
List the prime factors of 6105.
3, 5, 11, 37
What are the prime factors of 786?
2, 3, 131
List the prime factors of 464.
2, 29
What are the prime factors of 330?
2, 3, 5, 11
What are the prime factors of 842?
2, 421
List the prime factors of 113036.
2, 7, 11, 367
What are the prime factors of 1451?
1451
List the prime factors of 380.
2, 5, 19
What are the prime factors of 3534?
2, 3, 19, 31
What are the prime factors of 4919?
4919
What are the prime factors of 4252?
2, 1063
List the prime factors of 6166.
2, 3083
List the prime factors of 1889.
1889
List the prime factors of 4871.
4871
List the prime factors of 1454.
2, 727
List the prime factors of 15526.
2, 7, 1109
List the prime factors of 963.
3, 107
List the prime factors of 1469.
13, 113
What are the prime factors of 76283?
76283
List the prime factors of 887.
887
List the prime factors of 9444.
2, 3, 787
List the prime factors of 6090.
2, 3, 5, 7, 29
List the prime factors of 24849.
3, 11, 251
List the prime factors of 853.
853
List the prime factors of 382.
2, 191
What are the prime factors of 1317?
3, 439
List the prime factors of 258.
2, 3, 43
List the prime factors of 1639.
11, 149
List the prime factors of 2545.
5, 509
List the prime factors of 2388.
2, 3, 199
List the prime factors of 53.
53
List the prime factors of 932.
2, 233
What are the prime factors of 14677?
13, 1129
List the prime factors of 16589.
53, 313
What are the prime factors of 4723?
4723
What are the prime factors of 78083?
113, 691
What are the prime factors of 62937?
3, 7, 37
List the prime factors of 3711.
3, 1237
What are the prime factors of 12929?
7, 1847
List the prime factors of 822.
2, 3, 137
What are the prime factors of 2333?
2333
What are the prime factors of 387?
3, 43
What are the prime factors of 84879?
3, 9431
List the prime factors of 16413.
3, 5471
List the prime factors of 17685.
3, 5, 131
What are the prime factors of 55506?
2, 3, 11, 29
List the prime factors of 10846.
2, 11, 17, 29
What are the prime factors of 3809?
13, 293
What are the prime factors of 25777?
149, 173
List the prime factors of 698.
2, 349
List the prime factors of 4042.
2, 43, 47
List the prime factors of 355.
5, 71
List the prime factors of 11279.
11279
List the prime factors of 72809.
11, 6619
What are the prime factors of 798?
2, 3, 7, 19
List the prime factors of 510.
2, 3, 5, 17
List the prime factors of 82918.
2, 11, 3769
What are the prime factors of 543?
3, 181
List the prime factors of 49755.
3, 5, 31, 107
List the prime factors of 68024.
2, 11, 773
List the prime factors of 21991.
21991
List the prime factors of 917.
7, 131
What are the prime factors of 7508?
2, 1877
What are the prime factors of 14624?
2, 457
What are the prime factors of 106160?
2, 5, 1327
What are the prime factors of 7932?
2, 3, 661
List the prime factors of 32719.
32719
What are the prime factors of 10127?
13, 19, 41
List the prime factors of 101333.
101333
What are the prime factors of 1389?
3, 463
List the prime factors of 18438.
2, 3, 7, 439
What are the prime factors of 625?
5
What are the prime factors of 5788?
2, 1447
List the prime factors of 1651.
13, 127
What are the prime factors of 14319?
3, 37, 43
What are the prime factors of 13881?
3, 7, 661
List the prime factors of 7733.
11, 19, 37
List the prime factors of 148.
2, 37
What are the prime factors of 807?
3, 269
List the prime factors of 19234.
2, 59, 163
What are the prime factors of 14720?
2, 5, 23
List the prime factors of 5449.
5449
List the prime factors of 5623.
5623
What are the prime factors of 931?
7, 19
List the prime factors of 8226.
2, 3, 457
What are the prime factors of 1124?
2, 281
What are the prime factors of 16913?
13, 1301
List the prime factors of 248.
2, 31
List the prime factors of 201695.
5, 13, 29, 107
List the prime factors of 22576.
2, 17, 83
What are the prime factors of 9582?
2, 3, 1597
What are the prime factors of 1922?
2, 31
List the prime factors of 20030.
2, 5, 2003
What are the prime factors of 1019?
1019
What are the prime factors of 68704?
2, 19, 113
List the prime factors of 1532.
2, 383
What are the prime factors of 692?
2, 173
What are the prime factors of 97955?
5, 11, 13, 137
List the prime factors of 2020.
2, 5, 101
What are the prime factors of 7441?
7, 1063
What are the prime factors of 840?
2, 3, 5, 7
What are the prime factors of 6806?
2, 41, 83
What are the prime factors of 102372?
2, 3, 19, 449
What are the prime factors of 7486?
2, 19, 197
List the prime factors of 1677.
3, 13, 43
What are the prime factors of 175587?
3, 107, 547
List the prime factors of 9965.
5, 1993
What are the prime factors of 7695?
3, 5, 19
List the prime factors of 830.
2, 5, 83
What are the prime factors of 1467?
3, 163
List the prime factors of 55778.
2, 167
List the prime factors of 51934.
2, 23, 1129
List the prime factors of 622.
2, 311
List the prime factors of 454.
2, 227
What are the prime factors of 8108?
2, 2027
List the prime factors of 5411.
7, 773
What are the prime factors of 1972?
2, 17, 29
List the prime factors of 2375.
5, 19
What are the prime factors of 1275?
3, 5, 17
What are the prime factors of 2756?
2, 13, 53
List the prime factors of 23223.
3, 7741
List the prime factors of 726.
2, 3, 11
What are the prime factors of 15617?
7, 23, 97
What are the prime factors of 23879?
23879
List the prime factors of 135418.
2, 67709
What are the prime factors of 1097?
1097
List the prime factors of 2255.
5, 11, 41
List the prime factors of 90834.
2, 3, 15139
What are the prime factors of 10327?
23, 449
What are the prime factors of 317?
317
List the prime factors of 6551.
6551
What are the prime factors of 226?
2, 113
What are the prime factors of 108209?
241, 449
What are the prime factors of 29084?
2, 11, 661
What are the prime factors of 4101?
3, 1367
What are the prime factors of 9052?
2, 31, 73
What are the prime factors of 3127?
53, 59
List the prime factors of 3169.
3169
List the prime factors of 1050.
2, 3, 5, 7
What are the prime factors of 21232?
2, 1327
List the prime factors of 554.
2, 277
What are the prime factors of 4091?
4091
List the prime factors of 475.
5, 19
List the prime factors of 420.
2, 3, 5, 7
What are the prime factors of 49615?
5, 9923
What are the prime factors of 335?
5, 67
What are the prime factors of 2699?
2699
List the prime factors of 6053.
6053
What are the prime factors of 46?
2, 23
List the prime factors of 14550.
2, 3, 5, 97
List the prime factors of 505.
5, 101
List the prime factors of 30111.
3, 10037
What are the prime factors of 1982?
2, 991
List the prime factors of 1857.
3, 619
List the prime factors of 444.
2, 3, 37
List the prime factors of 67909.
59, 1151
List the prime factors of 5677.
7, 811
What are the prime factors of 49147?
7, 17, 59
List the prime factors of 443.
443
List the prime factors of 405.
3, 5
What are the prime factors of 755?
5, 151
List the prime factors of 368.
2, 23
What are the prime factors of 180977?
137, 1321
List the prime factors of 18660.
2, 3, 5, 311
List the prime factors of 3509.
11, 29
What are the prime factors of 17753?
41, 433
What are the prime factors of 21556?
2, 17, 317